+ (-3)/3 + 6. Suppose z*j - 9 = w. What are the prime factors of j?
23
Let t(w) = -w**3 - 6*w**2 - w - 2. Let b be t(-6). Suppose -4*v + 261 = d, 0*d + b*v + 1044 = 4*d. Suppose d = 5*h + 96. What are the prime factors of h?
3, 11
Let f be (-3)/((-1)/(2 + 1 - 4)). What are the prime factors of (-12)/18 - (-1 + 296/f)?
3, 11
Suppose 4*b + 1370 = -h + 6*h, 548 = 2*h - 2*b. What are the prime factors of h?
2, 137
Let b = -4 - -10. Let u(k) = k + 1. Let d(z) = z. Let g(t) = -d(t) + 5*u(t). What are the prime factors of g(b)?
29
Let s(i) = -4*i - 19 - 3*i - 20. What are the prime factors of s(-11)?
2, 19
Let w(a) = 185*a - 126. What are the prime factors of w(2)?
2, 61
Let x(q) = -q. Let d be x(-5). Suppose -w + 1 = d. Let l = 12 + w. What are the prime factors of l?
2
List the prime factors of 287298/495 - 1/((-10)/(-4)).
2, 5, 29
Let o(w) = w**3 - 7*w**2 - w + 8. Let j be o(6). What are the prime factors of j*3/(-6) + 4?
3, 7
Let c(f) = -f**2 - 7*f + 2. Let q be c(-7). Suppose -u - x = -12, 3*u - 51 + 11 = -q*x. Let z = 16 + u. List the prime factors of z.
2
Let u = -12 - -8. Let b(a) = -7*a**2 + a + 4. Let d(m) = -20*m**2 + 3*m + 11. Let t(s) = u*d(s) + 11*b(s). What are the prime factors of t(-1)?
2
List the prime factors of (-84)/14 + 22*29.
2, 79
Let q(d) = -d**2 - 32*d. List the prime factors of q(-14).
2, 3, 7
Let b(c) = 191*c**2 - c - 1. Let i be b(1). List the prime factors of (-9)/(i/(-444))*(-7)/(-2).
2, 37
Let a(z) = z**3 - 8*z**2 + 7*z + 2. Let i be a(7). Suppose -2*l + 7*l = -3*s + 3, 0 = i*s + 5*l - 2. List the prime factors of -23*(2 + s)/(-3).
23
Let s = -61 - -63. Suppose -4*i + 6 = a, 2*i + 5*a = -s*i - 2. What are the prime factors of i?
2
Suppose 1107 = w + h, w = -0*w + 2*h + 1116. Suppose -4*s + w = 2*s. List the prime factors of s.
5, 37
Suppose 0 = 3*m - 5*b + 10, m + 2*b = 5*m + 4. Let w(n) = m*n**2 + 1 - 23*n + n**2 + 17*n + 0. List the prime factors of w(9).
2, 7
Let f(k) = 31*k**2 + 17*k + 12. Let a(r) = 15*r**2 + 8*r + 6. Let p(o) = 13*a(o) - 6*f(o). What are the prime factors of p(-4)?
2, 71
Let t(y) = -y**3 + 24*y**2 + 26*y - 18. Let l be t(25). Let z = 4 - 2. Let h = l - z. List the prime factors of h.
5
Let d(f) = f**2 - 35*f + 57. List the prime factors of d(-35).
23, 109
Let k = 4823 + -2005. List the prime factors of k.
2, 1409
Suppose -7*c + 480 = -9*c. Let k = 373 + c. What are the prime factors of k?
7, 19
Suppose -18*x - 19*x = -75628. What are the prime factors of x?
2, 7, 73
Suppose -5*s = -4*s. Let z = 8 - s. List the prime factors of ((-12)/7)/(z/(-84)).
2, 3
Suppose -7*h + h - 30 = 0. Let p(m) = -50*m + 18. What are the prime factors of p(h)?
2, 67
Let b = 1088 - 604. Suppose -b = 9*s - 1627. List the prime factors of s.
127
Let w(h) = 3*h**3 - 7*h**2 - 11*h - 3. What are the prime factors of w(6)?
3, 109
Suppose -3*a = 4*g - 7574, -a = 5*g - 8*g + 5674. What are the prime factors of g?
2, 11, 43
Let m be (-10)/25 + 6/15. Suppose -4*s = -m*s - 192. What are the prime factors of s?
2, 3
Let s(a) be the second derivative of a**5/60 - a**3/3 - a**2 + 2*a. Let d(y) be the first derivative of s(y). List the prime factors of d(4).
2, 7
Let i = -354 - -618. List the prime factors of i.
2, 3, 11
Let a = 322 - -73. What are the prime factors of a?
5, 79
What are the prime factors of 942/(2/((-4)/(-3)))?
2, 157
Let v = 14 - 12. Suppose 0*o + 18 = v*o. Suppose 0*c + c = 3*f + o, 18 = 2*c + 2*f. What are the prime factors of c?
3
List the prime factors of 333 - (12 - -8)/10.
331
Let i = 85 - 26. What are the prime factors of i?
59
Let b = 3633 - 2059. List the prime factors of b.
2, 787
Let o be ((-3)/(-2))/((-3)/(-10)). Suppose 3*b = -4*v + 4*b - 1, -2*v - 23 = -o*b. List the prime factors of (32 - -6) + v + 0.
3, 13
Suppose 11*o + 29 = 7. What are the prime factors of ((-445)/(-30) - o/12) + 0?
3, 5
Suppose -3*y - 594 = -5*t, -2*t - 108 + 345 = -y. Let h = -81 + t. List the prime factors of h.
2, 3
Let l = -29 - -35. Let u(r) = 2*r**2 - 11 - 6*r**2 - 2*r + 5*r**2. List the prime factors of u(l).
13
Suppose -t - 32 = 3*t. What are the prime factors of (9 + t)/((-2)/(-120))?
2, 3, 5
Let q = 3963 + -1860. What are the prime factors of q?
3, 701
Suppose 66 = g + 5*n - 335, 0 = -3*g - 2*n + 1177. What are the prime factors of g?
17, 23
Let o(d) = -d**2 - 3*d + 26. Let w be o(-6). List the prime factors of 2/w - (0 + (-3537)/12).
5, 59
Let r = 16 - 15. Let t = 1 - r. Suppose -i = 4*a - 6 - 5, 4*i + a - 44 = t. List the prime factors of i.
11
Let t(u) = -2*u**2 - 3*u - 1. Let k be t(4). What are the prime factors of ((-72)/k)/((-1)/(-60))?
2, 3
Let z = -2504 - -3826. List the prime factors of z.
2, 661
Suppose 0 = 5*m + 350 + 10. Let t = m - -89. What are the prime factors of t?
17
Let q = 311 - 247. List the prime factors of q.
2
Let s(c) be the first derivative of c**2/2 + 35*c - 4. Let n be s(0). Suppose -2*y + n = 5*a, 0*y = y - a - 28. List the prime factors of y.
5
Let z(s) = 11*s**2 + 4*s - 11. Let u(k) = -10*k**2 - 4*k + 11. Let t(b) = -7*u(b) - 6*z(b). What are the prime factors of t(-6)?
109
Let u be ((-22)/(-6))/((-1)/6). Let l = 71 - 109. Let c = u - l. What are the prime factors of c?
2
Suppose -20 = -2*q + 2*r, 2*q - 3*r - 8 = 8. Let a = q - 11. What are the prime factors of a - 51/(-6)*2?
2, 5
Let i = 444 + -80. What are the prime factors of i?
2, 7, 13
Let q = 1 + 9. Let y = 20 + q. List the prime factors of y.
2, 3, 5
Suppose 21 = -3*i + 9. Let t be i/18 + 4/18. Suppose a + 4*a - 40 = t. What are the prime factors of a?
2
Suppose 0 = 2*v - 7 - 15. Suppose v*z + 3*z - 518 = 0. List the prime factors of z.
37
Suppose 5*g - 2*i + 6*i - 40 = 0, 4*g = -2*i + 26. Suppose -3540 = g*s - 14*s. List the prime factors of s.
2, 3, 59
Let w(s) = -11*s**3 + 5*s**2 - 6*s - 6. Let f(p) = -p**3 + p**2 - p - 1. Let n(l) = -6*f(l) + w(l). Let m be n(1). List the prime factors of 2/m + 85/3.
2, 7
Let k(u) = u + 3. Let x be k(5). Suppose 6*m = -m + 28. Suppose -w + 4*h = -h - x, -m*w = h - 32. What are the prime factors of w?
2
Suppose 3 + 1 = 2*r. Suppose -9 - r = -n. What are the prime factors of (0 + -25)/(n - 12)?
5
List the prime factors of (-10 + 17)/(1551/310 + -5).
2, 5, 7, 31
Suppose -4*n + 5*f - 2 - 8 = 0, n + 10 = 5*f. Suppose 21 + 1 = 5*p + 2*o, n = 3*p + 3*o - 15. Suppose -p*h - 17 = -45. What are the prime factors of h?
7
Let d(q) = 3*q + 1. Let k be d(1). Let x(c) = -c**2 - 10 + k - 4 + 8*c. What are the prime factors of x(6)?
2
Let s(i) = 54*i**2 + 16*i + 48. What are the prime factors of s(-5)?
2, 659
Let o(v) = 27*v + 9. List the prime factors of o(25).
2, 3, 19
Suppose -5*i = -589 - 491. What are the prime factors of i?
2, 3
Suppose -2*p + 24 = p. Let j be 92/p*(0 + 2). Let m = j + -14. List the prime factors of m.
3
Suppose -12*v = -6*v. Suppose v = -2*s - 2*o + 154, -3*s - 151 = -5*s - o. List the prime factors of s.
2, 37
Let p(h) = -48*h**3 - 3*h**2 - 7*h - 2. Let g(b) = -47*b**3 - 2*b**2 - 6*b - 1. Let q(z) = -4*g(z) + 3*p(z). List the prime factors of q(1).
2, 11
Suppose 12*h + 2*h - 112 = 0. Let m(d) = 13*d - 27. What are the prime factors of m(h)?
7, 11
Let i be (-6)/4*(-32)/24. What are the prime factors of (-2)/(i - 840/415)?
83
Let h = -9 - -4. Let b(s) = -s**2 - 6*s - 5. Let y be b(h). Suppose -5*i = -3*l + l + 29, -5*l - 2*i = y. List the prime factors of l.
2
What are the prime factors of 637 + -13 + (0/1 - -1)?
5
What are the prime factors of (43*5)/(0 - 5/(-5))?
5, 43
Let w be 4/(-10) - 4110/(-25). Let o = -42 + w. List the prime factors of o.
2, 61
Let u be 4/2 + 1/1. Suppose -u*h + 7*h = 76. Suppose 0 = 3*p - 53 - h. List the prime factors of p.
2, 3
Let d be 435/9 + (-3)/9. Suppose -d + 134 = z. What are the prime factors of z?
2, 43
Let s = 53 - 49. Suppose -2*v + 198 = -5*u + 829, -4*u - s*v = -516. What are the prime factors of u?
127
Let x = -1011 - -1542. List the prime factors of x.
3, 59
Suppose 0 = 4*b + 2*n - 14762, 0 = -2*b - 16*n + 11*n + 7393. List the prime factors of b.
7, 17, 31
Let y = 0 + 1. Let u(c) = 4*c**3 - 2*c**2 - c + 2. List the prime factors of u(y).
3
Let p be -1*(-3)/(-3) - (-1 - -1). What are the prime factors of 365/5 + p + 3?
3, 5
Let n = 17 - 32. Let l be 19 + -25 - (1 + -2 - -19). Let o = n - l. List the prime factors of o.
3
Suppose 1381 = 11*q - 1